3, 1609
What are the prime factors of 6745?
5, 19, 71
List the prime factors of 4074.
2, 3, 7, 97
List the prime factors of 70855.
5, 37, 383
What are the prime factors of 21527?
11, 19, 103
List the prime factors of 19108.
2, 17, 281
List the prime factors of 9060.
2, 3, 5, 151
List the prime factors of 10607.
10607
List the prime factors of 456.
2, 3, 19
List the prime factors of 3812.
2, 953
List the prime factors of 167016.
2, 3, 6959
What are the prime factors of 26746?
2, 43, 311
What are the prime factors of 5141?
53, 97
List the prime factors of 51.
3, 17
What are the prime factors of 910?
2, 5, 7, 13
List the prime factors of 10649.
23, 463
What are the prime factors of 4029?
3, 17, 79
List the prime factors of 26794.
2, 13397
List the prime factors of 38175.
3, 5, 509
List the prime factors of 68700.
2, 3, 5, 229
List the prime factors of 30.
2, 3, 5
What are the prime factors of 2682?
2, 3, 149
What are the prime factors of 3457?
3457
List the prime factors of 39759.
3, 29, 457
What are the prime factors of 215?
5, 43
List the prime factors of 97.
97
List the prime factors of 81104.
2, 37, 137
What are the prime factors of 21970?
2, 5, 13
What are the prime factors of 10095?
3, 5, 673
What are the prime factors of 7408?
2, 463
List the prime factors of 121.
11
What are the prime factors of 68669?
68669
List the prime factors of 5795.
5, 19, 61
List the prime factors of 919.
919
List the prime factors of 20657.
7, 13, 227
What are the prime factors of 6936?
2, 3, 17
List the prime factors of 11780.
2, 5, 19, 31
What are the prime factors of 144?
2, 3
What are the prime factors of 26503?
17, 1559
What are the prime factors of 28594?
2, 17, 29
List the prime factors of 1735.
5, 347
What are the prime factors of 1603?
7, 229
What are the prime factors of 792?
2, 3, 11
List the prime factors of 919.
919
List the prime factors of 23619.
3, 7873
List the prime factors of 71921.
23, 53, 59
List the prime factors of 30531.
3, 10177
List the prime factors of 4879.
7, 17, 41
What are the prime factors of 7483?
7, 1069
List the prime factors of 7334.
2, 19, 193
What are the prime factors of 9161?
9161
List the prime factors of 5166.
2, 3, 7, 41
List the prime factors of 5462.
2, 2731
What are the prime factors of 6989?
29, 241
List the prime factors of 3272.
2, 409
List the prime factors of 12802.
2, 37, 173
What are the prime factors of 18802?
2, 7, 17, 79
List the prime factors of 12022.
2, 6011
What are the prime factors of 6556?
2, 11, 149
List the prime factors of 24061.
24061
What are the prime factors of 55364?
2, 13841
List the prime factors of 11969.
11969
List the prime factors of 4867.
31, 157
List the prime factors of 573.
3, 191
List the prime factors of 1159.
19, 61
List the prime factors of 4841.
47, 103
What are the prime factors of 23220?
2, 3, 5, 43
What are the prime factors of 8279?
17, 487
List the prime factors of 3694.
2, 1847
List the prime factors of 20844.
2, 3, 193
List the prime factors of 10465.
5, 7, 13, 23
What are the prime factors of 13328?
2, 7, 17
List the prime factors of 1515.
3, 5, 101
List the prime factors of 140362.
2, 70181
List the prime factors of 950.
2, 5, 19
List the prime factors of 63531.
3, 13, 181
List the prime factors of 10192.
2, 7, 13
What are the prime factors of 45?
3, 5
What are the prime factors of 635?
5, 127
What are the prime factors of 3643?
3643
What are the prime factors of 176232?
2, 3, 7, 1049
What are the prime factors of 1065?
3, 5, 71
What are the prime factors of 1058?
2, 23
What are the prime factors of 4648?
2, 7, 83
List the prime factors of 20063.
20063
What are the prime factors of 1329?
3, 443
What are the prime factors of 837?
3, 31
List the prime factors of 29343.
3, 9781
List the prime factors of 15472.
2, 967
List the prime factors of 5716.
2, 1429
What are the prime factors of 75576?
2, 3, 47, 67
List the prime factors of 27901.
27901
What are the prime factors of 12155?
5, 11, 13, 17
List the prime factors of 581.
7, 83
List the prime factors of 2263.
31, 73
What are the prime factors of 2256?
2, 3, 47
List the prime factors of 68793.
3, 23, 997
List the prime factors of 15805.
5, 29, 109
What are the prime factors of 2313?
3, 257
What are the prime factors of 6884?
2, 1721
What are the prime factors of 19782?
2, 3, 7, 157
List the prime factors of 2094.
2, 3, 349
List the prime factors of 40488.
2, 3, 7, 241
What are the prime factors of 80032?
2, 41, 61
What are the prime factors of 14981?
71, 211
List the prime factors of 1116.
2, 3, 31
List the prime factors of 9162.
2, 3, 509
List the prime factors of 49543.
13, 37, 103
List the prime factors of 40.
2, 5
List the prime factors of 14864.
2, 929
List the prime factors of 60134.
2, 107, 281
What are the prime factors of 498?
2, 3, 83
List the prime factors of 38818.
2, 13, 1493
What are the prime factors of 390?
2, 3, 5, 13
List the prime factors of 102553.
11, 9323
List the prime factors of 5628.
2, 3, 7, 67
What are the prime factors of 13128?
2, 3, 547
What are the prime factors of 514?
2, 257
What are the prime factors of 512?
2
What are the prime factors of 1573?
11, 13
What are the prime factors of 8526?
2, 3, 7, 29
What are the prime factors of 454?
2, 227
What are the prime factors of 131382?
2, 3, 811
What are the prime factors of 6867?
3, 7, 109
List the prime factors of 13931.
13931
List the prime factors of 391.
17, 23
What are the prime factors of 16430?
2, 5, 31, 53
What are the prime factors of 1294?
2, 647
List the prime factors of 1589.
7, 227
List the prime factors of 1146.
2, 3, 191
What are the prime factors of 7860?
2, 3, 5, 131
What are the prime factors of 58496?
2, 457
What are the prime factors of 742?
2, 7, 53
List the prime factors of 5120.
2, 5
List the prime factors of 5672.
2, 709
What are the prime factors of 1732?
2, 433
List the prime factors of 19341.
3, 7, 307
List the prime factors of 653.
653
What are the prime factors of 3818?
2, 23, 83
List the prime factors of 1562.
2, 11, 71
What are the prime factors of 2225?
5, 89
List the prime factors of 7825.
5, 313
List the prime factors of 362.
2, 181
List the prime factors of 532.
2, 7, 19
List the prime factors of 1224.
2, 3, 17
What are the prime factors of 4704?
2, 3, 7
List the prime factors of 56818.
2, 28409
What are the prime factors of 40925?
5, 1637
What are the prime factors of 97944?
2, 3, 7, 11, 53
List the prime factors of 28395.
3, 5, 631
What are the prime factors of 1664?
2, 13
What are the prime factors of 447?
3, 149
List the prime factors of 37652.
2, 9413
List the prime factors of 1235.
5, 13, 19
List the prime factors of 99132.
2, 3, 11, 751
List the prime factors of 20308.
2, 5077
List the prime factors of 16673.
16673
List the prime factors of 1431.
3, 53
List the prime factors of 9150.
2, 3, 5, 61
List the prime factors of 65220.
2, 3, 5, 1087
What are the prime factors of 213?
3, 71
List the prime factors of 5573.
5573
What are the prime factors of 5027?
11, 457
What are the prime factors of 3110?
2, 5, 311
List the prime factors of 829.
829
What are the prime factors of 23305?
5, 59, 79
List the prime factors of 784.
2, 7
List the prime factors of 4831.
4831
What are the prime factors of 11430?
2, 3, 5, 127
What are the prime factors of 2333?
2333
What are the prime factors of 1105?
5, 13, 17
List the prime factors of 10735.
5, 19, 113
List the prime factors of 28091.
7, 4013
What are the prime factors of 41678?
2, 7, 13, 229
List the prime factors of 119.
7, 17
What are the prime factors of 15276?
2, 3, 19, 67
What are the prime factors of 30404?
2, 11, 691
List the prime factors of 4521.
3, 11, 137
What are the prime factors of 210?
2, 3, 5, 7
What are the prime factors of 192?
2, 3
What are the prime factors of 1473?
3, 491
List the prime factors of 27167.
7, 3881
What are the prime factors of 67490?
2, 5, 17, 397
What are the prime factors of 3216?
2, 3, 67
What are the prime factors of 22839?
3, 23, 331
List the prime factors of 152.
2, 19
List the prime factors of 8142.
2, 3, 23, 59
List the prime factors of 33159.
3, 7, 1579
List the prime factors of 171468.
2, 3, 11, 433
What are the prime factors of 71386?
2, 7, 5099
List the prime factors of 12741.
3, 31, 137
List the prime factors of 761.